at is the ten thousands digit of 762988574?
8
What is the tens digit of 410628017?
1
What is the tens digit of 233014989?
8
What is the tens digit of 915164192?
9
What is the thousands digit of 4124705?
4
What is the hundreds digit of 31001824?
8
What is the hundred thousands digit of 6247614633?
6
What is the thousands digit of 1820233758?
3
What is the ten millions digit of 209716177?
0
What is the tens digit of 34116972?
7
What is the millions digit of 347427858?
7
What is the ten millions digit of 41247525?
4
What is the hundreds digit of 16446798?
7
What is the hundreds digit of 718606747?
7
What is the ten millions digit of 92727814?
9
What is the hundred thousands digit of 16764639?
7
What is the ten thousands digit of 33330757?
3
What is the hundred millions digit of 358912254?
3
What is the ten thousands digit of 166513143?
1
What is the thousands digit of 830690621?
0
What is the millions digit of 57904291?
7
What is the hundreds digit of 887789893?
8
What is the ten thousands digit of 58503266?
0
What is the hundreds digit of 6207114510?
5
What is the ten millions digit of 450587265?
5
What is the hundred millions digit of 143002240?
1
What is the hundred thousands digit of 656039611?
0
What is the millions digit of 411561480?
1
What is the ten millions digit of 50112071?
5
What is the hundred millions digit of 181124094?
1
What is the millions digit of 1429665044?
9
What is the hundreds digit of 801560533?
5
What is the units digit of 16541667?
7
What is the millions digit of 609803653?
9
What is the ten millions digit of 31962099?
3
What is the ten thousands digit of 1035824740?
2
What is the units digit of 2291899506?
6
What is the hundred millions digit of 2375137546?
3
What is the tens digit of 241376319?
1
What is the tens digit of 161524573?
7
What is the ten thousands digit of 406674982?
7
What is the hundred thousands digit of 22865397?
8
What is the ten millions digit of 350561482?
5
What is the thousands digit of 54442643?
2
What is the hundreds digit of 4565834237?
2
What is the hundred millions digit of 2884718944?
8
What is the ten millions digit of 112835755?
1
What is the tens digit of 9900917?
1
What is the billions digit of 1371919998?
1
What is the ten millions digit of 3206539218?
0
What is the ten millions digit of 894005848?
9
What is the tens digit of 573946210?
1
What is the hundred thousands digit of 177395564?
3
What is the units digit of 6521277?
7
What is the thousands digit of 682268228?
8
What is the millions digit of 7753002197?
3
What is the ten millions digit of 2693636419?
9
What is the ten millions digit of 66181105?
6
What is the ten thousands digit of 30346069?
4
What is the units digit of 112766480?
0
What is the ten thousands digit of 349225993?
2
What is the thousands digit of 146716242?
6
What is the hundred thousands digit of 537979647?
9
What is the hundred millions digit of 393487895?
3
What is the ten thousands digit of 66534765?
3
What is the ten thousands digit of 2743262458?
6
What is the ten millions digit of 704779054?
0
What is the billions digit of 2973584256?
2
What is the units digit of 1448826917?
7
What is the hundred thousands digit of 37866810?
8
What is the tens digit of 2211315467?
6
What is the ten thousands digit of 52365515?
6
What is the thousands digit of 48040612?
0
What is the units digit of 22328991?
1
What is the thousands digit of 61501132?
1
What is the ten thousands digit of 85927288?
2
What is the billions digit of 1461853918?
1
What is the ten thousands digit of 66383725?
8
What is the hundreds digit of 534864651?
6
What is the tens digit of 200823603?
0
What is the hundred millions digit of 100685536?
1
What is the ten millions digit of 826658567?
2
What is the hundred thousands digit of 152675261?
6
What is the hundred millions digit of 114323255?
1
What is the tens digit of 205054815?
1
What is the hundreds digit of 4003379561?
5
What is the hundred thousands digit of 317504939?
5
What is the hundred thousands digit of 45733632?
7
What is the thousands digit of 325631812?
1
What is the millions digit of 65426339?
5
What is the hundred millions digit of 152246794?
1
What is the hundred millions digit of 104673912?
1
What is the ten millions digit of 58099639?
5
What is the hundred thousands digit of 534818316?
8
What is the tens digit of 193798951?
5
What is the millions digit of 378821304?
8
What is the millions digit of 2122566272?
2
What is the hundred thousands digit of 33961101?
9
What is the ten millions digit of 287641199?
8
What is the units digit of 41400624?
4
What is the millions digit of 161710096?
1
What is the units digit of 35999580?
0
What is the hundreds digit of 61391631?
6
What is the units digit of 2763676484?
4
What is the hundred thousands digit of 1503966580?
9
What is the hundreds digit of 29031662?
6
What is the ten thousands digit of 43416426?
1
What is the hundred millions digit of 660386250?
6
What is the tens digit of 503075542?
4
What is the millions digit of 91398478?
1
What is the millions digit of 690739676?
0
What is the millions digit of 52301553?
2
What is the thousands digit of 1621195416?
5
What is the units digit of 40570767?
7
What is the thousands digit of 35447958?
7
What is the thousands digit of 291243862?
3
What is the thousands digit of 86330322?
0
What is the hundred thousands digit of 83908223?
9
What is the ten thousands digit of 5575527629?
2
What is the hundreds digit of 1825701473?
4
What is the ten millions digit of 3990282964?
9
What is the hundreds digit of 1464764987?
9
What is the thousands digit of 414858219?
8
What is the hundreds digit of 951229?
2
What is the ten thousands digit of 587706777?
0
What is the units digit of 6847763?
3
What is the tens digit of 302376501?
0
What is the units digit of 1943743233?
3
What is the hundreds digit of 1477444600?
6
What is the hundred millions digit of 1409448229?
4
What is the millions digit of 23334198?
3
What is the tens digit of 5622225737?
3
What is the thousands digit of 5216776939?
6
What is the hundreds digit of 193255012?
0
What is the thousands digit of 1527599928?
9
What is the units digit of 628727371?
1
What is the billions digit of 2951073036?
2
What is the thousands digit of 52405134?
5
What is the ten millions digit of 2693300873?
9
What is the tens digit of 62274692?
9
What is the tens digit of 663963271?
7
What is the millions digit of 11315429?
1
What is the hundreds digit of 1074906877?
8
What is the thousands digit of 1006326591?
6
What is the ten millions digit of 153495791?
5
What is the millions digit of 112547180?
2
What is the ten millions digit of 4979686899?
7
What is the hundreds digit of 28386299?
2
What is the hundred millions digit of 1521255483?
5
What is the tens digit of 4494213336?
3
What is the tens digit of 176460336?
3
What is the tens digit of 491905057?
5
What is the ten thousands digit of 60237820?
3
What is the hundreds digit of 75733547?
5
What is the tens digit of 57357738?
3
What is the ten thousands digit of 216256744?
5
What is the hundred millions digit of 2127962568?
1
What is the ten millions digit of 307505632?
0
What is the ten millions digit of 624546089?
2
What is the hundred millions digit of 1308697426?
3
What is the hundred thousands digit of 500308973?
3
What is the hundreds digit of 175738444?
4
What is the units digit of 1459400539?
9
What is the millions digit of 39422346?
9
What is the ten millions digit of 197466126?
9
What is the hundred millions digit of 280414398?
2
What is the thousands digit of 1129124987?
4
What is the millions digit of 969547920?
9
What is the hundred thousands digit of 25559044?
5
What is the thousands digit of 62145396?
5
What is the units digit of 149409978?
8
What is the hundred thousands digit of 193329140?
3
What is the hundred thousands digit of 303827723?
8
What is the units digit of 3755335078?
8
What is the millions digit of 170328573?
0
What is the units digit of 217733455?
5
What is the hundreds digit of 16512210?
2
What is the millions digit of 74787603?
4
What is the hundreds digit of 248382556?
5
What is the thousands digit of 42549763?
9
What is the millions digit of 1497110073?
7
What is the units digit of 701210998?
8
What is the thousands digit of 39